322896. What are the prime factors of f?
2, 3, 31
What are the prime factors of ((-135)/2*74497/(-410))/((-3)/(-8))?
2, 3, 23, 79
Let h be ((-16)/12)/(3/(-18)). Suppose k - 5 = -3*r + h, 0 = k - 1. Suppose -t + 200 = r*t. What are the prime factors of t?
2, 5
Let g = 603 - 378. List the prime factors of ((-8370)/g)/((-2)/15).
3, 31
Let a = 279 + 3811. List the prime factors of a.
2, 5, 409
Let w(c) = 3*c**2 + 22*c - 166. List the prime factors of w(-43).
5, 887
Let f = 15529 + -1009. List the prime factors of f.
2, 3, 5, 11
Suppose -4*d + 5787 = 3*b, -2*d = 4*b - 7*b + 5769. What are the prime factors of b?
5, 7, 11
Let l(u) = 29*u - 89. Let q(m) = -m**2 - 33*m - 51. Let s be q(-31). List the prime factors of l(s).
2, 5, 23
Suppose -4*n = 2*d - 24843 - 23843, -3*n + 4*d = -36509. What are the prime factors of n?
3, 4057
Suppose 0 = 4*c + 20, 5*c - 206135 = 9*o - 14*o. List the prime factors of o.
2, 3, 859
Suppose -o - 246*g + 35381 = -247*g, -106147 = -3*o - g. List the prime factors of o.
2, 3, 5897
Let c(f) = 2*f**3 - 43*f**2 - 22*f + 3. Let g be c(22). Suppose -g*u - 271 = -n, -1 + 543 = 2*n - u. What are the prime factors of n?
271
Suppose 69186 = 2*d - 3*b, 5*d + 2*b + 14055 = 187096. What are the prime factors of d?
3, 5, 769
Suppose 13310 = q + u - 7109, 0 = q + 2*u - 20425. What are the prime factors of q?
137, 149
Let j(c) be the first derivative of -3*c**4/2 + 7*c**3/3 - c**2 - 17*c + 128. List the prime factors of j(-5).
2, 3, 17
Let b(c) = -c**2 + 4*c + 4. Let w be b(-4). List the prime factors of 9/12 - 17843/w - -1.
3, 71
Suppose p + 61 = 63. Suppose -p*b - 5*u + 22 - 1 = 0, 5*b - u = 66. Suppose -3*j = 28 - b, -4*j = -5*n + 115. What are the prime factors of n?
19
Let j = 2469 - 2300. What are the prime factors of j?
13
Let u = 261 + -376. Let i = u - -218. List the prime factors of i.
103
Suppose 2*j + 8096 = g, -91*g + 8099 = -90*g - 3*j. What are the prime factors of g?
2, 5, 809
Let i(c) = -143*c - 81. Let p be i(10). Let j = -112 - p. What are the prime factors of j?
1399
Let q(p) = p**2 + 2*p - 3. Let d be q(-13). Let y = -82 + d. Let v = 86 - y. What are the prime factors of v?
2, 7
Let u(n) = n**3 - 64*n + 92*n + 0*n**3 - 10*n**2 - 11*n**2 - 29 - 48*n. Let r(i) = 4*i - 2. Let x be r(6). List the prime factors of u(x).
3, 5
Suppose -z = -0*d + 5*d - 2, 4*d - 10 = -5*z. Suppose 8*a - z = 6. What are the prime factors of -7 - -3 - (-26)/(a + 1)?
3
Let k be (-56)/(-98) + (-91272)/(-14)*1. Suppose -66*z + 56*z = -k. List the prime factors of z.
2, 163
What are the prime factors of 472462/(-18)*-3 + (-5)/(180/24)?
7, 1607
Let z(k) = k - 8. Let t be z(11). Suppose -3*r - 3*j + 933 = 0, 0 = 21*r - 26*r + t*j + 1579. What are the prime factors of r?
2, 157
Let f be (-6)/4*(8/6)/(-1). Suppose -f*o + 2*z - 6 = 0, 4*o = 2*o - 4*z + 24. Suppose -s = o*s + 2*u - 172, 2*u = -8. What are the prime factors of s?
2, 3, 5
Let s(g) = 4*g**3 + g**2 + 2. Let w be 6/(-18)*-6 - 1. Let d(j) = j**2 - j + 1. Let v(q) = w*d(q) - s(q). What are the prime factors of v(-1)?
2
Suppose 11*h - 7*h = -436. Let w be 2*(12/30)/((-4)/(-1315)). Let q = w + h. List the prime factors of q.
2, 7, 11
Suppose 6 = -3*t, t = n + 4*t - 1948. What are the prime factors of n?
2, 977
Suppose 330*t - 309*t + 1092 = 0. Suppose 0 = -4*g - 0*g - 44. Let f = g - t. List the prime factors of f.
41
Suppose -7 - 53 = -10*i. List the prime factors of 3 - ((-1972)/4 + i).
2, 5, 7
Suppose -60393 = 460*h - 463*h - 5*l, 40262 = 2*h - 5*l. What are the prime factors of h?
41, 491
Suppose -5*o - 632 = u, -3*o - 1269 = 2*u + 2*o. Let v be (-1)/5 + u/(-35). Let y = 27 - v. List the prime factors of y.
3
Suppose -5*b - 402 = 2*u, u = 2*u + 5*b + 196. Let d be ((-54)/(-36))/((9/(-1902))/(-1)). Let s = u + d. List the prime factors of s.
3, 37
Let n(f) be the first derivative of -22 - f**2 + f**3 + 23/4*f**4 + 0*f. List the prime factors of n(1).
2, 3
Let v = 2763 + -1958. Suppose v = -14*u + 24479. List the prime factors of u.
19, 89
Suppose 0 = 5*p - 4*i + 33, -3*p = -3*i + 2*i + 17. Let u(o) = -2*o**3 - 8*o**2 - 10*o + 7. List the prime factors of u(p).
107
What are the prime factors of (-655900)/105*(-60)/25?
2, 937
Suppose -3*a - 19 = -4*t - 4, -3*t + 5*a + 25 = 0. Suppose t = 5*n - n - 3*o - 1924, 0 = 5*n - o - 2394. Let c = n - 314. What are the prime factors of c?
2, 41
Let v be ((-688)/(-6))/(3/(-9)). Let f = v - -212. Let k = f - -291. What are the prime factors of k?
3, 53
Suppose -w - 3*w + 2*j = 0, -4*j = w - 18. Let r be (-1 - 3/(-2))*w + 3. Let a(m) = 8*m**2 + 5*m - 1. What are the prime factors of a(r)?
3, 7
Let v = -8 + 27. Let o = -18 + v. What are the prime factors of (-9)/4*((-159)/9 - o)?
2, 3, 7
Let t(b) = -44*b - 35. Suppose -36*f - 216 = -12*f. List the prime factors of t(f).
19
Let o(r) = 25 + r**3 + 35*r**2 - 63 - 10*r**2 + 27*r + 17*r**2. What are the prime factors of o(-41)?
2, 67
Let y be 9/6*(-2 - -4). Suppose -3*z = 5*f - 3878, y*f + 397 - 2715 = -4*z. List the prime factors of f.
2, 389
Let g be (-10*(-2)/6)/(32/48). Suppose -g*f - 4*h + 2150 = 0, 5*f + 3*h = 3*f + 860. What are the prime factors of f?
2, 5, 43
Let x = 38822 + -20748. What are the prime factors of x?
2, 7, 1291
Let z = -2257 - -1162. Let v = z - -2354. What are the prime factors of v?
1259
Suppose -23 = n - 20, 0 = 2*x + 3*n - 3053. Suppose -5*u - 5*r = -2510, 7*u - 10*u + x = -2*r. List the prime factors of u.
3, 13
Suppose 15 + 13 = 3*h - x, -2*x + 54 = 5*h. Let l(k) = 11*k - 25. Let q be l(h). Suppose -3*y - 2*m = -260 - q, -345 = -3*y + 4*m. List the prime factors of y.
5, 23
Let f = 418 + -410. Suppose -3*z = -f - 1, 0 = 3*t - 2*z - 1995. List the prime factors of t.
23, 29
Let m = 5965 + -1149. What are the prime factors of m?
2, 7, 43
List the prime factors of (15/((-300)/40))/((-2)/15199).
15199
Suppose -6*f + 4*f = -4*x - 20, 0 = 5*f + 5*x - 35. List the prime factors of (f - 9)/((-1)/311).
311
Let k(t) = -104*t + 5. Suppose 14 = 2*l + 2. Let o(q) = -417*q + 21. Let b(r) = l*o(r) - 26*k(r). List the prime factors of b(1).
2, 3, 11
Suppose 3*u = 3*l + 24, -3*u - 3*l = 2*l - 16. Suppose -32*z + 248 + 1032 = 0. Suppose b - u = z. What are the prime factors of b?
47
List the prime factors of 47880/100*(-105)/(-6).
3, 7, 19
Let k = 6850 - 687. List the prime factors of k.
6163
Let k = 38 - 22. Let i(l) = -l**2 + 16*l + 5. Let h be i(k). Suppose h*f - 52 = f. List the prime factors of f.
13
Let t(r) = 2*r**2 + 6*r - 27. Let y(z) = -z**2 - 8*z - 21. Let k be y(-7). List the prime factors of t(k).
281
Let f(o) = -396*o - 3845. What are the prime factors of f(-19)?
13, 283
Let z(m) = -m**3 - 12*m**2 + 14*m - 44. Let x be z(-16). List the prime factors of (1 - -1) + x + -3.
5, 151
Let f(k) = 5*k + 4. Let s be f(0). Suppose 10*d + 3*c - 1215 = 7*d, -s*c = -4. List the prime factors of d.
2, 101
Suppose 0 = 2*g + 5*u + 67, -g - 5*u - 15 = 11. Let l = 37 + g. What are the prime factors of (12/16 - 225/l) + 3?
2, 3, 5
Let h = 4112 + -2337. Suppose -3*n + 8*n = 4*z + 4454, -2*n - 5*z = -h. What are the prime factors of n?
2, 5, 89
Suppose 3*s - 13 = -h, s = -20*h + 19*h + 7. Suppose h*k - 8*l = -5*l + 4650, 2318 = 2*k + 2*l. What are the prime factors of k?
3, 43
Let f(c) be the first derivative of 177*c**2/2 + 26*c - 11. Let h be f(3). Suppose -4*j = 5*g - h, -2*g = -3*j - 233 + 24. List the prime factors of g.
109
Suppose g - 8*g = -399. Suppose 0 = c - g - 84. List the prime factors of c.
3, 47
Suppose -o - 326 = k - 3*o, -2*k = -2*o + 654. Let y be ((k/(-6))/(-1))/(22/(-66)). Let b = y - 91. What are the prime factors of b?
73
Suppose -3*t - 28 + 1 = 0. Let q(b) = -b**3 - 3*b**2 + 12*b + 16. Let r be q(t). Suppose 5*n = 4*v + r, 90 = 2*n + v - 65. What are the prime factors of n?
2, 3, 13
Let q(o) = 186*o + 2892. List the prime factors of q(164).
2, 3, 11, 23
Let n(h) = -103*h**3 + 20*h**2 + 19*h + 2. List the prime factors of n(-4).
2, 13, 263
Let g(x) = -x**3 + 15*x**2 - 4*x - 7. Let h be g(9). Suppose 440*l = h*l - 2034. List the prime factors of l.
2, 3, 113
List the prime factors of (-11692)/(-3) + 630/(-810)*(-6)/7.
2, 1949
Let i = -3724 + 11023. List the prime factors of i.
3, 811
Let j(x) = x**2 + 4*x - 8. Let f be j(2). Let w be 4 + (2 + 6)/(-2). Suppose -86 = -c + f*a, 0 = -w*c